 the highest common factor of 76 and q?
38
Let h be (-2)/(-4) + 95/2. Let u be (47 + -8)/(0 + 1). Suppose u = 9*w - 15. What is the greatest common factor of h and w?
6
Let h(r) = -r**3 - 10*r**2 + 3. Let j be h(-10). Suppose o + j*z + 6 = 0, -20 = -5*o - 4*z - 6. Calculate the greatest common divisor of o and 9.
3
Suppose -4*v + 134 = -2*v + t, -5*t + 118 = 2*v. What is the greatest common divisor of v and 552?
69
Let w = 2321 - 2303. Calculate the greatest common divisor of w and 1674.
18
Let l be (-3)/(325/(-110) - -3). Let q be (10/3)/((-22)/l). What is the highest common divisor of q and 5?
5
Let a be (-2)/4 - 48/(-32). Suppose 122 = -3*t - 2*s, 7*t - 3*s = 2*t - 235. Let g be (-1)/(4 + 180/t). Calculate the greatest common divisor of g and a.
1
Let d(g) = 2*g - 9 - 3 + 10*g**2 - g**3 + 2. Let a be d(10). Let o be (-3)/9 - (-422)/6. What is the greatest common factor of o and a?
10
Let m = -292 - -293. Calculate the highest common factor of m and 29.
1
Let k(b) = b**2 - 17*b + 189. Let m be k(27). What is the greatest common divisor of m and 108?
27
Suppose -35 = -v + 3*i - 6*i, -5*v + 3*i = -85. Let n be (0 + 43 - -1) + 16/(-4). Calculate the highest common factor of n and v.
20
Suppose 2*t - 42 = -t - 3*v, 74 = 5*t + 3*v. What is the greatest common divisor of 8 and t?
8
Let i = -29 + 25. Let l be (-67)/(-2) - (i/(-8) - -1). Calculate the greatest common factor of l and 8.
8
Let q be (-25 + 0 - -4)/(-3). Suppose -9*b + q*b = -24. Let m = 15 - b. What is the greatest common factor of 21 and m?
3
Let w(v) = -v**2 - 40*v + 97. Let b be w(-43). Let j = -124 + 76. Let u = b - j. Calculate the highest common factor of 24 and u.
8
Let f be ((-2)/3)/(29/(-174)). Calculate the highest common divisor of 37 and f.
1
Suppose 0 = 7*l - 3*l, -2*k = 2*l - 208. Calculate the highest common factor of 26 and k.
26
Suppose 20*v + 11*v = 3410. Calculate the highest common factor of 2090 and v.
110
Suppose -7*m = -4 - 31. What is the greatest common divisor of 155 and m?
5
Let m(y) = y**2 + 1. Let l = -18 - -13. Let k be m(l). Let x be (3 + 10)/(2/2). What is the greatest common divisor of k and x?
13
Let o(r) = 27*r + 4. Let f = 28 + -25. Let w be o(f). Calculate the greatest common divisor of 17 and w.
17
Let g(y) = 2*y**3 + 17*y**2 + 7*y + 2. Let j be g(-8). Let p(o) = 2*o**3 + 5*o**2 - 4*o + 3. Let t be p(3). Calculate the greatest common divisor of t and j.
10
Suppose 320 = 4*b + w - 185, 2*b - 2*w = 250. Suppose -9*t + 6*t + b = 0. What is the greatest common factor of t and 14?
14
Suppose -2*i + 7*i + 15 = 0, 0 = 3*v - 4*i - 240. What is the greatest common divisor of v and 57?
19
Let j(z) = 3*z**2 - 57*z + 2. Let a be j(19). Calculate the greatest common divisor of a and 3.
1
Let o be (0 + 6)*9/1. Let v(j) = j**3 + 3*j. Let n be v(3). Calculate the greatest common factor of n and o.
18
Suppose 0 = 44*z - 46*z + 22. Suppose 3*v - 90 = -3*r, -2*v - 80 = -4*r + 58. What is the greatest common factor of r and z?
11
Let c be 1/(2/5 + (-1)/5). Suppose -4*q - 4 + 13 = -3*x, 3*x - 5*q + 12 = 0. Let z be x/((-72)/75 - -1). What is the highest common divisor of z and c?
5
Let x be 1606/10 - (-4)/10. Let h be 1/(1 - (-34)/(-36)). Let o = h - -5. What is the greatest common factor of o and x?
23
Suppose 16 = 3*m - 20. Let p(f) = -f**3 + 3*f**2 - 3*f + 2. Let t be p(2). Suppose t = -w + 70 + 38. Calculate the highest common divisor of w and m.
12
Suppose 72 = -18*h + 23*h - 3*q, 2*h + q = 31. Calculate the greatest common divisor of h and 210.
15
Suppose -2*x - 10 = 4*i, -x + 5*x = 2*i. Let t be (-9)/x + -5 + 0 + 2. Calculate the greatest common factor of t and 6.
6
Let j(l) be the first derivative of -l**3/3 + 21*l**2/2 + 12*l + 38. Let a be j(13). Calculate the greatest common divisor of 29 and a.
29
Let k(u) be the first derivative of u**4/4 - u**2 + u - 13. Let w be k(-2). Let o = 33 + w. What is the highest common divisor of o and 15?
15
Suppose u = 3*p - 2*p + 13, 0 = -2*u + 4*p + 34. Let r(b) = -b**2 + 11*b - 10. Let l be r(u). Calculate the highest common divisor of 8 and l.
8
Let c(b) = 64*b. Let x be c(1). Let q be 35/28*-4*(864/(-30))/3. What is the greatest common factor of q and x?
16
Let t(r) = r**2 - 3*r + 14. Let z be t(0). Let u be (-4 + 5 - 4) + z. Calculate the greatest common factor of u and 88.
11
Suppose -2*c + 5*z + 117 = 346, -3*c - 346 = -5*z. Let g = 180 + c. What is the highest common factor of 42 and g?
21
Let p be (100/3)/(6/9). Calculate the greatest common factor of 150 and p.
50
Let g = 15 - 9. Suppose -9*z + g*z + 84 = 0. Let k = 30 - z. Calculate the greatest common factor of k and 1.
1
Let z = -11 + 56. What is the highest common factor of z and 45?
45
Suppose -53*b + 22*b = -1860. What is the highest common divisor of b and 220?
20
Let w be (-7)/(-14)*(-2 - -32). Suppose -2*v - 10 = 4*h, -2*v + 0*v = -4*h - 30. Calculate the greatest common factor of v and w.
5
Let t = -86 + 211. Let g = -61 + t. Calculate the greatest common divisor of 8 and g.
8
Let o = 751 + -426. Let l be (-13)/(o/10) + 122/5. Calculate the highest common factor of 6 and l.
6
Suppose 24*p - 4*l - 72 = 23*p, 2*p - 136 = 4*l. What is the highest common divisor of 4 and p?
4
Let v(z) = -6*z - 40. Let p be v(-7). Let k = p - 1. Let d be ((-2)/(-3))/((-1)/(-12)). What is the highest common factor of k and d?
1
Let s(n) = -18*n + 6. Let d be 1 + (-3 - -2) - 9. Let f be s(d). Let k = f + -80. What is the greatest common divisor of 11 and k?
11
Suppose 3*h - 30 = 48. What is the greatest common factor of h and 39?
13
Let m = 23 + -22. Let c be 5/((-5)/(-10)*m). What is the greatest common divisor of 20 and c?
10
Suppose -7*i = -2*i - 40. Let s = i - 19. Let y = s - -22. Calculate the greatest common factor of 11 and y.
11
Let u(a) = -5*a - 53. Let v be u(-19). Suppose 0 = 2*p + 3*y - 27 - 0, 0 = 3*p + 3*y - v. Calculate the greatest common divisor of 15 and p.
15
Let u(m) = m**2 - 13*m - 28. Let i be u(14). Let l be 0 + (-4)/i - 19/(-7). Calculate the highest common factor of l and 21.
3
Suppose 0 = -3*h - 86 + 14. Let u = h + 27. Let l be (1 - 1 - -1) + u. What is the highest common factor of l and 16?
4
Suppose -2*x - 5*h + 24 + 23 = 0, -4*x = 2*h - 54. Let t(i) = -i**3 + 11*i**2 + 4*i + 12. Let y be t(x). Calculate the highest common divisor of 16 and y.
8
Let n(a) = -a**3 - 11*a**2 + 10*a + 6. Let b be n(-12). Let t = b - 22. Calculate the greatest common factor of t and 56.
8
Let j(o) = 9*o**2 + 3*o + 1. Let i be j(-1). Suppose z + 3*s = s + 7, 2*z - 14 = 4*s. Calculate the highest common factor of i and z.
7
Let r(a) = -6*a**2 - 11*a - 2. Let j(m) = -5*m**2 - 10*m - 2. Let v(o) = 7*j(o) - 6*r(o). Let c be v(6). What is the greatest common divisor of c and 10?
10
Let m = -117 + 122. What is the highest common factor of 5 and m?
5
Suppose -80*n = -79*n - 40. Let m be (-6)/8 - 1932/(-16). Calculate the greatest common factor of m and n.
40
Let c = 124 + -115. Let u be (4 - c/2)/(2/(-36)). Calculate the highest common factor of 1 and u.
1
Let b be 258/21 + ((-74)/14 - -5). Suppose 2*o + 63 = 9. Let h be 6/o + 56/9. Calculate the highest common factor of b and h.
6
Let p(i) = 0 - 6*i**2 + 7*i**2 - 4. Let j be p(4). Let v be (12/7)/(3/21). Calculate the highest common divisor of v and j.
12
Suppose 63 = -4*y + 91. What is the highest common factor of 161 and y?
7
Let g be 10/9 + (-30)/270. Let w(i) be the first derivative of 6*i**3 - i + 3. Let j be w(g). What is the greatest common factor of 85 and j?
17
Suppose -31*u + 43*u = 288. Calculate the highest common factor of u and 9.
3
Suppose 78*x + 1452 = 81*x. Suppose -a = -3*b + x, b + 21 = 2*a + 189. What is the highest common factor of 20 and b?
20
Let n be (16/(-20))/(4/10). Let i be (-58)/(-10) + n/(-10). Let r be (-1 + -1)*(-33)/i. Calculate the greatest common divisor of 88 and r.
11
Let a(z) = 2*z + 17. Let l be a(-22). Let o = -3 - l. Suppose -8 = -3*b - 5*i, 0 = 3*b + 4*i + 2 - 12. What is the greatest common factor of b and o?
6
Let z(b) = 3*b + 50. Let f be z(-11). Let r(v) = -v**3 + 18*v**2 - 15*v - 14. Let q be r(f). Calculate the highest common factor of q and 12.
4
Let i(b) = -b**2 - 11*b + 31. Let c be i(2). What is the highest common factor of c and 25?
5
Suppose 93 = 4*y + 1. Let w = y - 7. 